at are the prime factors of z?
5
Suppose 0 = -2*w + 40 + 42. What are the prime factors of w?
41
Let y(h) = -2*h**2 + 7*h - 6. Let s be y(4). Let b = 13 + s. What are the prime factors of b?
3
Let y(o) = o**2 - 6*o. Let a be y(5). Let u = a - -55. Suppose 5*m - u = -0*m. What are the prime factors of m?
2, 5
Let y(q) = 2*q**3 + 3*q**2 + q - 10. What are the prime factors of y(4)?
2, 5, 17
Let a(m) be the second derivative of -m**5/20 + m**4 - 11*m**3/6 + 5*m**2 + 4*m. List the prime factors of a(11).
2, 5
Let p = 164 + -25. What are the prime factors of p?
139
Let n be -1 + 8 + -1 + 2. Let c(j) = j**3 - 8*j**2 + 3*j - 9. List the prime factors of c(n).
3, 5
Suppose a - 5*d - 35 = 0, a - 3*d = -0*a + 37. Suppose -20 = -2*b + a. Suppose -m = 2*m - b. List the prime factors of m.
2, 5
Let v(b) = -12*b + 7. What are the prime factors of v(-3)?
43
Let w(c) = c - 5. Let o be w(4). Let p = o + -16. List the prime factors of 1 + 3/(-1) - p.
3, 5
Suppose -18*b = -22*b + 112. What are the prime factors of b?
2, 7
Let z be 80/6*24/20. Suppose -3*d = -4*w - 17 + 55, -2*w = -3*d - z. List the prime factors of w.
11
Suppose 3*a - 4 = 7*a. Let b be a/4 - 84/(-16). What are the prime factors of (-340)/(-25) - (-2)/b?
2, 7
Let o(l) = -2*l**3 - 4*l**2 + l - 1. Let j = -6 - -3. What are the prime factors of o(j)?
2, 7
Suppose -4*z - 4*b + 405 = -z, 5*z = -2*b + 675. What are the prime factors of z?
3, 5
Let w(k) = 2*k**3 + 2*k**2. Let y be w(2). Suppose -4*z + 120 = y. What are the prime factors of z?
2, 3
Let l(u) = 10*u**2 - 25*u + 6. List the prime factors of l(-5).
3, 127
Let i = 7 - 3. Suppose -m + 261 = i*y - 2*m, -5*m - 25 = 0. Suppose -b + y = 3*b. List the prime factors of b.
2
Suppose 3*t + 9 = 2*b - 0*b, -2*b + t = -7. List the prime factors of b.
3
What are the prime factors of (31914/(-15))/(-6) - (-4)/10?
5, 71
Let y = 42 + -12. Let w = -14 + y. Suppose 5*o - 3*o - 6 = 0, -2*b + w = 4*o. What are the prime factors of b?
2
Let c be -2 + 9 + 2 + -2. Let x(i) = i**2 - 4*i - 8. Let o be x(6). Suppose g - 10 = 5*p + c, g - 14 = o*p. List the prime factors of g.
2
Let d be 1 + 0 - (-12)/3. Suppose -2*b - 48 = -d*b. List the prime factors of b.
2
Let s(r) = -r**3 - 4*r**2 + 4*r - 1. Let w be s(-5). Suppose w*a + 0*i - 75 = 5*i, 0 = 3*a + 5*i - 65. What are the prime factors of a?
2, 5
Suppose 2*u = 85 + 203. List the prime factors of u.
2, 3
Let w = -123 + 198. What are the prime factors of w?
3, 5
Let p = -6 + 9. Suppose g - p*j + 150 = 0, -3*j - 835 = 5*g - j. What are the prime factors of 2/3 - g/9?
19
Suppose -5*y - 2*l - 2*l + 21 = 0, 4*y = -4*l + 16. List the prime factors of y.
5
Let q(s) = s + 14. List the prime factors of q(6).
2, 5
Let b = 4 + -2. List the prime factors of ((-14)/(-6))/(b/24).
2, 7
What are the prime factors of (-12)/(-18) + 70/3?
2, 3
Suppose -5*p - 2*x = -10, -x = -5*p - 5*x. Suppose p = 5*i - 11. What are the prime factors of i?
3
Let w(u) = u**2 - 3*u - 8. What are the prime factors of w(7)?
2, 5
Suppose 0*c = 4*c - 16. Let f = 7 - c. Suppose 0 = f*s - 0*s - 30. List the prime factors of s.
2, 5
Suppose 3 = t - 37. Let p = -89 - -61. Let v = p + t. What are the prime factors of v?
2, 3
Let f be 3/(-2 + 22/8). What are the prime factors of f/8*(0 - -26)?
13
Suppose -a + 18 + 12 = 0. What are the prime factors of a?
2, 3, 5
Let n(x) = 3*x**2 + 4*x + 2. Suppose t + 7 = -2*z, 3 = 5*z + t + 19. What are the prime factors of n(z)?
17
Suppose -2*k = 4*o - 30, -4*k = -1 - 3. Let g(u) = -3*u - 29. Let q(l) = l + 15. Let d(r) = 2*g(r) + 5*q(r). List the prime factors of d(o).
2, 5
Suppose -4*b + 6*b - 10 = 0. What are the prime factors of b?
5
Suppose -42 = -3*a - 15. Let w be a - (1 - (-1 + -1)). What are the prime factors of (-3 - (-33)/w)*2?
5
Let c(l) be the first derivative of l**3 + 9*l**2/2 + 11*l - 6. What are the prime factors of c(-5)?
41
Let a = -70 + 116. List the prime factors of a.
2, 23
Let y(o) = 8*o**2 - o + 8. What are the prime factors of y(-4)?
2, 5, 7
Suppose -2*n + 3*w = -w + 4, 2*n + 5*w - 23 = 0. What are the prime factors of (n/(-6))/(2/(-84))?
2, 7
Let j(f) = f**2 - 2*f + 2. Let t be j(2). Suppose 5*w = t*i - 7, 4*i - w + 1 = 6. Let x = i + 10. What are the prime factors of x?
11
Suppose -c = 4*w - 9, 2 = -4*w - 5*c - 1. Let v be (-1 - (-6)/w)*1. Suppose -i = -1 - v. What are the prime factors of i?
2
Suppose p = -4*p + 475. Let v = p + -45. Suppose l + 4*l = v. List the prime factors of l.
2, 5
Let g be (-4)/(-6)*(2 - -1). Suppose -k = g*k. Suppose 0 = 3*w - 15, -4*h + 3*w + 21 = -k*w. What are the prime factors of h?
3
Suppose -2*w + 5*w = 27. Let m = 1 - -4. Let f = w - m. List the prime factors of f.
2
Let s = 12 + -12. List the prime factors of s/(-1) - (0 - 2).
2
Let f(d) = -4*d**3 - 3*d - 1 + 0*d**2 - d**2 + 2*d. What are the prime factors of f(-1)?
3
Let s = 393 - 65. What are the prime factors of s?
2, 41
Suppose 8*k - 3*k + 8 = 4*l, 4 = 2*k + 2*l. Suppose k*i - 16 = -i. List the prime factors of i.
2
Suppose 4*x + 2 + 6 = 0. List the prime factors of (-1)/x*168/7.
2, 3
Suppose -2*q - 3*a + 57 = 0, -3*a - 42 = -q - 0*q. What are the prime factors of q?
3, 11
Suppose -4*y - j = -48 - 460, 0 = -3*y + 4*j + 400. What are the prime factors of y?
2
Let a = 219 + -154. What are the prime factors of a?
5, 13
Let t = -2 + 4. Suppose 4*q - t*g = 112 - 28, -q + 4*g + 14 = 0. List the prime factors of q.
2, 11
Suppose b - 4*f = 313, 3*f - 153 = -b + 167. What are the prime factors of b?
317
Let y(s) be the first derivative of s**4/4 - s**2/2 + 4*s + 2. Suppose -2*c + 6 = -j, 0 = -2*j + c + 2*c - 9. List the prime factors of y(j).
2
Suppose -2*c - 2 = 0, 4*c = -4*l + 2*l + 218. List the prime factors of l.
3, 37
Let b = -16 + 56. List the prime factors of b.
2, 5
Suppose z + 0*z = 4. Let k(s) = 62*s - z + 9 - 59*s. What are the prime factors of k(6)?
23
Suppose -2*a = a + 21. Let i(t) = -t - 7. Let n(h) = 2. Let o(u) = a*n(u) - 2*i(u). List the prime factors of o(2).
2
Let r(h) = h**3 + h**2 + h. Let f be r(0). Suppose 0 = 8*c - 17*c + 36. Suppose -c = -k - f. List the prime factors of k.
2
Suppose -5*g - 7*l + 2*l - 30 = 0, -4*l = 3*g + 16. Let z(s) be the first derivative of s**4/4 + 3*s**3 + 7*s**2/2 - 4*s + 2. List the prime factors of z(g).
2
Let d be ((-4)/5)/((-1)/(-5)). Let g(y) = -17*y**2 - 12*y + 5. Let o(f) = -4*f**2 - 3*f + 1. Let b(t) = 6*g(t) - 26*o(t). List the prime factors of b(d).
2, 3
Suppose -7*x - 2*p = -2*x + 17, 2*p + 8 = -2*x. List the prime factors of (-4)/6*-21 + x.
11
Let b = 7 + -3. Suppose -b*a = -0*n + 3*n - 89, -4*a = 5*n - 87. List the prime factors of a.
23
Let c(k) = -2*k - 7. Let i be c(-6). Suppose -x + i + 0 = 0. List the prime factors of x.
5
Suppose 0 = 2*f + f. Let r be 0*2/6 + f. Suppose r*o + 9 = o. List the prime factors of o.
3
Suppose -9 - 6 = 5*x, -2*j = -5*x - 15. Suppose j*u - 3*u = -39. What are the prime factors of u?
13
Let q(s) = s**3 - 12*s**2 + 23*s + 5. List the prime factors of q(10).
5, 7
Let d = -17 - -22. What are the prime factors of d?
5
Let n = 4 - 5. What are the prime factors of -2*11/n - 2?
2, 5
Let b(y) = -5 + y**2 + 3*y + 7 + 8. List the prime factors of b(-6).
2, 7
Let c(n) = n**3 + 2*n**2 - 2*n + 15. Let p(m) = -m**3 - m**2 + m - 16. Let o(a) = 4*c(a) + 3*p(a). What are the prime factors of o(-6)?
2, 3
Let j(n) = -n**2 - 13*n + 2. Let k = -40 + 27. List the prime factors of j(k).
2
Suppose 7*n = 5*n + 60. What are the prime factors of n?
2, 3, 5
Let f = 3 - 0. Suppose v + f*u = -2*v, 0 = v + 2*u + 5. List the prime factors of v.
5
Let l(n) = -7*n - 7*n**3 - n**3 - 3 + 9*n**3 + 4*n**2. Let w be l(-5). Suppose 0 = f - w + 1. List the prime factors of f.
2, 3
Let s(b) = -b**3 + 10*b**2 + 10*b + 12. Let y be s(11). List the prime factors of 4 + -5 + 20 + y.
2, 5
Let q be 2/(-5) + (-170)/(-50). Suppose 0 = 2*s - q*s + 28. What are the prime factors of s?
2, 7
Let q(p) = -p + 7. Let w be q(6). Let z = w - 1. Suppose 8*n - 3*n - 40 = z. List the prime factors of n.
2
Let l(i) be the second derivative of i**5/20 + i**4/4 - 5*i**3/6 + i**2/2 + i. Let w(q) = q - 2. Let v be w(-2). What are the prime factors of l(v)?
5
Suppose -5*t - 3*x - 33 = 51, -t - 2*x = 14. Let c be 4/t - 87/(-27). Let u(l) = l**2 - 2*l + 1. What are the prime factors of u(c)?
